{"id":337,"date":"2026-03-02T09:12:18","date_gmt":"2026-03-02T08:12:18","guid":{"rendered":"https:\/\/dev.sautter-pomor.fr\/sautter-pomor\/?page_id=337"},"modified":"2026-04-09T15:21:34","modified_gmt":"2026-04-09T13:21:34","slug":"nous-trouver-3","status":"publish","type":"page","link":"https:\/\/dev.sautter-pomor.fr\/sautter-pomor\/nous-trouver-3\/","title":{"rendered":"Cave et boutique de produits locaux \u00e0 Sessenheim &#8211; Sautter Pomor"},"content":{"rendered":"\n<div style=\"height:100px\" aria-hidden=\"true\" class=\"wp-block-spacer\"><\/div>\n\n\n\n<div class=\"wp-block-columns bloc-horaire is-layout-flex wp-container-core-columns-is-layout-9d6595d7 wp-block-columns-is-layout-flex\">\n<div class=\"wp-block-column is-layout-flow wp-block-column-is-layout-flow\">\n<h2 class=\"wp-block-heading\"><strong>Ouvert pour vous<\/strong>&nbsp;<\/h2>\n\n\n\n<p>Votre magasin de vente direct et espace-cave est ouvert au <br><a href=\"https:\/\/www.google.com\/maps\/place\/\/data=!4m2!3m1!1s0x4796e7c7803bac3d:0xa1b45d775833f3a1?sa=X&amp;ved=1t:8290&amp;ictx=111\" target=\"_blank\" rel=\"noreferrer noopener\">13 Rte de Strasbourg, <\/a><br><a href=\"https:\/\/www.google.com\/maps\/place\/\/data=!4m2!3m1!1s0x4796e7c7803bac3d:0xa1b45d775833f3a1?sa=X&amp;ved=1t:8290&amp;ictx=111\">67770 Sessenheim<\/a><\/p>\n<\/div>\n\n\n\n<div class=\"wp-block-column is-layout-flow wp-block-column-is-layout-flow\">\n<ul class=\"wp-block-list\">\n<li>Le lundi de 14\u202fh \u00e0 18\u202fh&nbsp;<\/li>\n\n\n\n<li>Les mardi, mercredi, jeudi et vendredi de 9\u202fh \u00e0 12\u202fh et de 14\u202fh \u00e0 18\u202fh&nbsp;<\/li>\n\n\n\n<li>Le&nbsp;samedi&nbsp;de 9\u202fh \u00e0 12\u202fh&nbsp;&nbsp;&nbsp;<\/li>\n<\/ul>\n\n\n\n<p>Commandez vos paniers au 03\u202f88\u202f86\u202f97\u202f01<\/p>\n<\/div>\n<\/div>\n\n\n\n<div style=\"height:48px\" aria-hidden=\"true\" class=\"wp-block-spacer\"><\/div>\n\n\n\n<div class=\"wp-block-columns small-width bg-blanc is-layout-flex wp-container-core-columns-is-layout-9d6595d7 wp-block-columns-is-layout-flex\">\n<div class=\"wp-block-column is-layout-flow wp-block-column-is-layout-flow\" style=\"flex-basis:66.66%\">\n<h2 class=\"wp-block-heading\"><strong>L\u2019espace cave&nbsp;Sautter&nbsp;\u00e0 Sessenheim\u202f: bien plus qu\u2019une boutique&nbsp;<\/strong>&nbsp;<\/h2>\n\n\n\n<p>Au si\u00e8ge m\u00eame de&nbsp;Sautter,&nbsp;\u00e0 Sessenheim, la Cave&nbsp;Sautter&nbsp;se d\u00e9voile.&nbsp;\u00c9crin&nbsp;gourmand et gourmet pour&nbsp;les jus de fruits&nbsp;de la marque, les cidres, des eaux, des vins&nbsp;s\u00e9lectionn\u00e9s&nbsp;pour leur rapport qualit\u00e9-prix,&nbsp;des bi\u00e8res artisanales.&nbsp;&nbsp;<\/p>\n<\/div>\n\n\n\n<div class=\"wp-block-column position-absolute is-layout-flow wp-block-column-is-layout-flow\" style=\"flex-basis:33.33%\">\n<figure class=\"wp-block-image size-full\"><img loading=\"lazy\" decoding=\"async\" width=\"371\" height=\"499\" src=\"https:\/\/dev.sautter-pomor.fr\/sautter-pomor\/wp-content\/uploads\/2026\/03\/cidre.webp\" alt=\"\" class=\"wp-image-510\" srcset=\"https:\/\/dev.sautter-pomor.fr\/sautter-pomor\/wp-content\/uploads\/2026\/03\/cidre.webp 371w, https:\/\/dev.sautter-pomor.fr\/sautter-pomor\/wp-content\/uploads\/2026\/03\/cidre-223x300.webp 223w\" sizes=\"auto, (max-width: 371px) 100vw, 371px\" \/><\/figure>\n<\/div>\n<\/div>\n\n\n\n<hr class=\"wp-block-separator has-alpha-channel-opacity\"\/>\n\n\n\n<div class=\"wp-block-columns small-width is-layout-flex wp-container-core-columns-is-layout-9d6595d7 wp-block-columns-is-layout-flex\">\n<div class=\"wp-block-column is-layout-flow wp-block-column-is-layout-flow\" style=\"flex-basis:33.33%\">\n<figure class=\"wp-block-image size-full illustration1\"><img loading=\"lazy\" decoding=\"async\" width=\"500\" height=\"333\" src=\"https:\/\/dev.sautter-pomor.fr\/sautter-pomor\/wp-content\/uploads\/2026\/04\/Sautter-2016-04_009.webp\" alt=\"\" class=\"wp-image-817\" srcset=\"https:\/\/dev.sautter-pomor.fr\/sautter-pomor\/wp-content\/uploads\/2026\/04\/Sautter-2016-04_009.webp 500w, https:\/\/dev.sautter-pomor.fr\/sautter-pomor\/wp-content\/uploads\/2026\/04\/Sautter-2016-04_009-300x200.webp 300w\" sizes=\"auto, (max-width: 500px) 100vw, 500px\" \/><\/figure>\n<\/div>\n\n\n\n<div class=\"wp-block-column is-layout-flow wp-block-column-is-layout-flow\" style=\"flex-basis:66.66%\">\n<h2 class=\"wp-block-heading\"><strong>Entre cave, boutique et d\u00e9couvertes<\/strong>&nbsp;<\/h2>\n\n\n\n<p>Notre&nbsp;espace&nbsp;Cave&nbsp;Sautter&nbsp;repr\u00e9sente bien plus qu\u2019un simple espace de vente\u202f: c\u2019est une immersion authentique dans les saveurs de la r\u00e9gion, dans la cr\u00e9ativit\u00e9 des \u00e9quipes, dans la valorisation des circuits courts et des savoir-faire qui durent.&nbsp;&nbsp;<\/p>\n\n\n\n<p>Ouverte aux amateurs comme aux professionnels, cette adresse embl\u00e9matique invite \u00e0 d\u00e9couvrir des jus de fruits&nbsp;bio,&nbsp;des cidres, des&nbsp;bi\u00e8res alsaciennes, des vins fins,&nbsp;de produits locaux&nbsp;et une myriade de paniers garnis et cadeaux d\u2019Alsace&nbsp;confectionn\u00e9s \u00e0 la demande.&nbsp;<\/p>\n<\/div>\n<\/div>\n\n\n\n<hr class=\"wp-block-separator has-alpha-channel-opacity\"\/>\n\n\n\n<div class=\"wp-block-columns small-width bg-blanc is-layout-flex wp-container-core-columns-is-layout-9d6595d7 wp-block-columns-is-layout-flex\">\n<div class=\"wp-block-column is-layout-flow wp-block-column-is-layout-flow\" style=\"flex-basis:66.66%\">\n<h2 class=\"wp-block-heading\"><strong>Une s\u00e9lection raffin\u00e9e pour tous les&nbsp;go\u00fbts<\/strong>&nbsp;<\/h2>\n\n\n\n<p>La Cave&nbsp;Sautter&nbsp;excelle aussi dans les accords mets-boissons. Explorez une gamme de vins d\u2019Alsace \u00e9l\u00e9gants&nbsp;\u2014&nbsp;Riesling sec, Gewurztraminer fruit\u00e9 ou Cr\u00e9mant p\u00e9tillant&nbsp;\u2014&nbsp;issus de domaines&nbsp;alsaciens. C\u00f4t\u00e9 brassin, les bi\u00e8res locales apportent une note malt\u00e9e et rafra\u00eechissante, id\u00e9al avec une choucroute garnie&nbsp;ou en ap\u00e9ritif.&nbsp;&nbsp;<\/p>\n\n\n\n<p>Compl\u00e9t\u00e9s par des eaux min\u00e9rales et&nbsp;des&nbsp;produits d\u2019\u00e9picerie fine (miel, confitures bio), ces tr\u00e9sors varient les plaisirs, du quotidien aux grandes occasions.&nbsp;Des produits sucr\u00e9s et sal\u00e9s issus de petits producteurs permettent de se faire plaisir, de faire plaisir aussi.&nbsp;&nbsp;<\/p>\n<\/div>\n\n\n\n<div class=\"wp-block-column is-layout-flow wp-block-column-is-layout-flow\" style=\"flex-basis:33.33%\">\n<figure class=\"wp-block-image size-full\"><img loading=\"lazy\" decoding=\"async\" width=\"500\" height=\"334\" src=\"https:\/\/dev.sautter-pomor.fr\/sautter-pomor\/wp-content\/uploads\/2026\/04\/Facade-Sautter-2019.webp\" alt=\"\" class=\"wp-image-819\" srcset=\"https:\/\/dev.sautter-pomor.fr\/sautter-pomor\/wp-content\/uploads\/2026\/04\/Facade-Sautter-2019.webp 500w, https:\/\/dev.sautter-pomor.fr\/sautter-pomor\/wp-content\/uploads\/2026\/04\/Facade-Sautter-2019-300x200.webp 300w\" sizes=\"auto, (max-width: 500px) 100vw, 500px\" \/><\/figure>\n<\/div>\n<\/div>\n\n\n\n<hr class=\"wp-block-separator has-alpha-channel-opacity\"\/>\n\n\n\n<div class=\"wp-block-columns small-width is-layout-flex wp-container-core-columns-is-layout-9d6595d7 wp-block-columns-is-layout-flex\">\n<div class=\"wp-block-column is-layout-flow wp-block-column-is-layout-flow\" style=\"flex-basis:33.33%\">\n<figure class=\"wp-block-image size-full\"><img loading=\"lazy\" decoding=\"async\" width=\"500\" height=\"361\" src=\"https:\/\/dev.sautter-pomor.fr\/sautter-pomor\/wp-content\/uploads\/2026\/04\/Panier-02.webp\" alt=\"\" class=\"wp-image-821\" srcset=\"https:\/\/dev.sautter-pomor.fr\/sautter-pomor\/wp-content\/uploads\/2026\/04\/Panier-02.webp 500w, https:\/\/dev.sautter-pomor.fr\/sautter-pomor\/wp-content\/uploads\/2026\/04\/Panier-02-300x217.webp 300w\" sizes=\"auto, (max-width: 500px) 100vw, 500px\" \/><\/figure>\n<\/div>\n\n\n\n<div class=\"wp-block-column is-layout-flow wp-block-column-is-layout-flow\" style=\"flex-basis:66.66%\">\n<h2 class=\"wp-block-heading\"><strong>Paniers garnis et cadeaux d\u2019Alsace<\/strong>&nbsp;<\/h2>\n\n\n\n<p>\u00c0&nbsp;Sessenheim, l\u2019espace-cave&nbsp;Sautter&nbsp;cultive l\u2019art du cadeau personnalis\u00e9, d\u2019un cadeau de f\u00eate ou d\u2019entreprise aussi.&nbsp;<\/p>\n\n\n\n<p>Pour un cadeau d\u2019Alsace inoubliable, optez pour les paniers garnis sur mesure de la Cave. Compos\u00e9s de jus bio, vins, bi\u00e8res, terrines,&nbsp;pain d\u2019\u00e9pices&nbsp;et produits du moment, ces coffrets&nbsp;et paniers&nbsp;c\u00e9l\u00e8brent No\u00ebl,&nbsp;les anniversaires, les cadeaux,&nbsp;les f\u00eates ou les \u00e9v\u00e9nements d\u2019entreprise&nbsp;et collent aussi au retour de vacances.&nbsp;<\/p>\n\n\n\n<p>\u00c9coresponsables et&nbsp;issus de circuits courts, ils soutiennent l\u2019artisanat, la gastronomie, transformant chaque&nbsp;panier&nbsp;en une&nbsp;carte postale&nbsp;gourmande.&nbsp;<\/p>\n<\/div>\n<\/div>\n\n\n\n<hr class=\"wp-block-separator has-alpha-channel-opacity\"\/>\n\n\n\n<div class=\"wp-block-columns small-width bg-blanc is-layout-flex wp-container-core-columns-is-layout-9d6595d7 wp-block-columns-is-layout-flex\">\n<div class=\"wp-block-column is-layout-flow wp-block-column-is-layout-flow\" style=\"flex-basis:66.66%\">\n<h2 class=\"wp-block-heading\"><strong>De la pomme au verre, de l\u2019Alsace \u00e0 l\u2019assiette<\/strong>&nbsp;<\/h2>\n\n\n\n<p>Autour des produits et jus&nbsp;Sautter,&nbsp;l\u2019espace&nbsp;Cave&nbsp;Sautter&nbsp;est&nbsp;une&nbsp;porte d\u2019entr\u00e9e vers l\u2019Alsace authentique. Que vous cherchiez des jus bio, des purs&nbsp;jus, du jus de pomme et d\u2019autres souvenirs d\u2019Alsace, vous tenez d\u00e9sormais l\u2019adresse \u00e0 ne pas louper, \u00e0 faire connaitre aussi.&nbsp;&nbsp;<\/p>\n<\/div>\n\n\n\n<div class=\"wp-block-column is-layout-flow wp-block-column-is-layout-flow\" style=\"flex-basis:33.33%\">\n<figure class=\"wp-block-image size-full\"><img loading=\"lazy\" decoding=\"async\" width=\"500\" height=\"333\" src=\"https:\/\/dev.sautter-pomor.fr\/sautter-pomor\/wp-content\/uploads\/2026\/04\/Bouteiile-Grand-Groupe-2.webp\" alt=\"\" class=\"wp-image-823\" srcset=\"https:\/\/dev.sautter-pomor.fr\/sautter-pomor\/wp-content\/uploads\/2026\/04\/Bouteiile-Grand-Groupe-2.webp 500w, https:\/\/dev.sautter-pomor.fr\/sautter-pomor\/wp-content\/uploads\/2026\/04\/Bouteiile-Grand-Groupe-2-300x200.webp 300w\" sizes=\"auto, (max-width: 500px) 100vw, 500px\" \/><\/figure>\n<\/div>\n<\/div>\n\n\n\n<hr class=\"wp-block-separator has-alpha-channel-opacity\"\/>\n","protected":false},"excerpt":{"rendered":"<p>Ouvert pour vous&nbsp; Votre magasin de vente direct et espace-cave est ouvert au 13 Rte de Strasbourg, 67770 Sessenheim Commandez vos paniers au 03\u202f88\u202f86\u202f97\u202f01 L\u2019espace cave&nbsp;Sautter&nbsp;\u00e0 Sessenheim\u202f: bien plus qu\u2019une boutique&nbsp;&nbsp; Au si\u00e8ge m\u00eame de&nbsp;Sautter,&nbsp;\u00e0 Sessenheim, la Cave&nbsp;Sautter&nbsp;se d\u00e9voile.&nbsp;\u00c9crin&nbsp;gourmand et gourmet pour&nbsp;les jus de fruits&nbsp;de la marque, les cidres, des eaux, des vins&nbsp;s\u00e9lectionn\u00e9s&nbsp;pour leur rapport [&hellip;]<\/p>\n","protected":false},"author":1,"featured_media":0,"parent":0,"menu_order":0,"comment_status":"closed","ping_status":"closed","template":"","meta":{"footnotes":""},"class_list":["post-337","page","type-page","status-publish","hentry"],"yoast_head":"<!-- This site is optimized with the Yoast SEO plugin v27.2 - https:\/\/yoast.com\/product\/yoast-seo-wordpress\/ -->\n<title>Cave et boutique de produits locaux \u00e0 Sessenheim - Sautter Pomor - Sautter-Pomor<\/title>\n<meta name=\"robots\" content=\"noindex, follow, max-snippet:-1, max-image-preview:large, max-video-preview:-1\" \/>\n<meta property=\"og:locale\" content=\"fr_FR\" \/>\n<meta property=\"og:type\" content=\"article\" \/>\n<meta property=\"og:title\" content=\"Cave et boutique de produits locaux \u00e0 Sessenheim - Sautter Pomor - Sautter-Pomor\" \/>\n<meta property=\"og:description\" content=\"Ouvert pour vous&nbsp; Votre magasin de vente direct et espace-cave est ouvert au 13 Rte de Strasbourg, 67770 Sessenheim Commandez vos paniers au 03\u202f88\u202f86\u202f97\u202f01 L\u2019espace cave&nbsp;Sautter&nbsp;\u00e0 Sessenheim\u202f: bien plus qu\u2019une boutique&nbsp;&nbsp; Au si\u00e8ge m\u00eame de&nbsp;Sautter,&nbsp;\u00e0 Sessenheim, la Cave&nbsp;Sautter&nbsp;se d\u00e9voile.&nbsp;\u00c9crin&nbsp;gourmand et gourmet pour&nbsp;les jus de fruits&nbsp;de la marque, les cidres, des eaux, des vins&nbsp;s\u00e9lectionn\u00e9s&nbsp;pour leur rapport [&hellip;]\" \/>\n<meta property=\"og:url\" content=\"https:\/\/dev.sautter-pomor.fr\/sautter-pomor\/nous-trouver-3\/\" \/>\n<meta property=\"og:site_name\" content=\"Sautter-Pomor\" \/>\n<meta property=\"article:publisher\" content=\"https:\/\/www.facebook.com\/profile.php?id=100061598934867\" \/>\n<meta property=\"article:modified_time\" content=\"2026-04-09T13:21:34+00:00\" \/>\n<meta property=\"og:image\" content=\"https:\/\/dev.sautter-pomor.fr\/sautter-pomor\/wp-content\/uploads\/2026\/03\/cidre.webp\" \/>\n\t<meta property=\"og:image:width\" content=\"371\" \/>\n\t<meta property=\"og:image:height\" content=\"499\" \/>\n\t<meta property=\"og:image:type\" content=\"image\/webp\" \/>\n<meta name=\"twitter:card\" content=\"summary_large_image\" \/>\n<meta name=\"twitter:label1\" content=\"Dur\u00e9e de lecture estim\u00e9e\" \/>\n\t<meta name=\"twitter:data1\" content=\"4 minutes\" \/>\n<script type=\"application\/ld+json\" class=\"yoast-schema-graph\">{\"@context\":\"https:\/\/schema.org\",\"@graph\":[{\"@type\":\"WebPage\",\"@id\":\"https:\/\/dev.sautter-pomor.fr\/sautter-pomor\/nous-trouver-3\/\",\"url\":\"https:\/\/dev.sautter-pomor.fr\/sautter-pomor\/nous-trouver-3\/\",\"name\":\"Cave et boutique de produits locaux \u00e0 Sessenheim - Sautter Pomor - Sautter-Pomor\",\"isPartOf\":{\"@id\":\"https:\/\/dev.sautter-pomor.fr\/sautter-pomor\/#website\"},\"primaryImageOfPage\":{\"@id\":\"https:\/\/dev.sautter-pomor.fr\/sautter-pomor\/nous-trouver-3\/#primaryimage\"},\"image\":{\"@id\":\"https:\/\/dev.sautter-pomor.fr\/sautter-pomor\/nous-trouver-3\/#primaryimage\"},\"thumbnailUrl\":\"https:\/\/dev.sautter-pomor.fr\/sautter-pomor\/wp-content\/uploads\/2026\/03\/cidre.webp\",\"datePublished\":\"2026-03-02T08:12:18+00:00\",\"dateModified\":\"2026-04-09T13:21:34+00:00\",\"breadcrumb\":{\"@id\":\"https:\/\/dev.sautter-pomor.fr\/sautter-pomor\/nous-trouver-3\/#breadcrumb\"},\"inLanguage\":\"fr-FR\",\"potentialAction\":[{\"@type\":\"ReadAction\",\"target\":[\"https:\/\/dev.sautter-pomor.fr\/sautter-pomor\/nous-trouver-3\/\"]}]},{\"@type\":\"ImageObject\",\"inLanguage\":\"fr-FR\",\"@id\":\"https:\/\/dev.sautter-pomor.fr\/sautter-pomor\/nous-trouver-3\/#primaryimage\",\"url\":\"https:\/\/dev.sautter-pomor.fr\/sautter-pomor\/wp-content\/uploads\/2026\/03\/cidre.webp\",\"contentUrl\":\"https:\/\/dev.sautter-pomor.fr\/sautter-pomor\/wp-content\/uploads\/2026\/03\/cidre.webp\",\"width\":371,\"height\":499},{\"@type\":\"BreadcrumbList\",\"@id\":\"https:\/\/dev.sautter-pomor.fr\/sautter-pomor\/nous-trouver-3\/#breadcrumb\",\"itemListElement\":[{\"@type\":\"ListItem\",\"position\":1,\"name\":\"Accueil\",\"item\":\"https:\/\/dev.sautter-pomor.fr\/sautter-pomor\/\"},{\"@type\":\"ListItem\",\"position\":2,\"name\":\"Cave et boutique de produits locaux \u00e0 Sessenheim &#8211; Sautter Pomor\"}]},{\"@type\":\"WebSite\",\"@id\":\"https:\/\/dev.sautter-pomor.fr\/sautter-pomor\/#website\",\"url\":\"https:\/\/dev.sautter-pomor.fr\/sautter-pomor\/\",\"name\":\"Sautter-Pomor\",\"description\":\"Jus de fruits, jus de l\u00e9gumes et cidres en Alsace depuis plus de 125 ans\",\"publisher\":{\"@id\":\"https:\/\/dev.sautter-pomor.fr\/sautter-pomor\/#organization\"},\"potentialAction\":[{\"@type\":\"SearchAction\",\"target\":{\"@type\":\"EntryPoint\",\"urlTemplate\":\"https:\/\/dev.sautter-pomor.fr\/sautter-pomor\/?s={search_term_string}\"},\"query-input\":{\"@type\":\"PropertyValueSpecification\",\"valueRequired\":true,\"valueName\":\"search_term_string\"}}],\"inLanguage\":\"fr-FR\"},{\"@type\":\"Organization\",\"@id\":\"https:\/\/dev.sautter-pomor.fr\/sautter-pomor\/#organization\",\"name\":\"Sautter Pomor\",\"url\":\"https:\/\/dev.sautter-pomor.fr\/sautter-pomor\/\",\"logo\":{\"@type\":\"ImageObject\",\"inLanguage\":\"fr-FR\",\"@id\":\"https:\/\/dev.sautter-pomor.fr\/sautter-pomor\/#\/schema\/logo\/image\/\",\"url\":\"https:\/\/dev.sautter-pomor.fr\/sautter-pomor\/wp-content\/uploads\/2026\/02\/cropped-logo_site_hd.png\",\"contentUrl\":\"https:\/\/dev.sautter-pomor.fr\/sautter-pomor\/wp-content\/uploads\/2026\/02\/cropped-logo_site_hd.png\",\"width\":240,\"height\":127,\"caption\":\"Sautter Pomor\"},\"image\":{\"@id\":\"https:\/\/dev.sautter-pomor.fr\/sautter-pomor\/#\/schema\/logo\/image\/\"},\"sameAs\":[\"https:\/\/www.facebook.com\/profile.php?id=100061598934867\"]}]}<\/script>\n<!-- \/ Yoast SEO plugin. -->","yoast_head_json":{"title":"Cave et boutique de produits locaux \u00e0 Sessenheim - Sautter Pomor - Sautter-Pomor","robots":{"index":"noindex","follow":"follow","max-snippet":"max-snippet:-1","max-image-preview":"max-image-preview:large","max-video-preview":"max-video-preview:-1"},"og_locale":"fr_FR","og_type":"article","og_title":"Cave et boutique de produits locaux \u00e0 Sessenheim - Sautter Pomor - Sautter-Pomor","og_description":"Ouvert pour vous&nbsp; Votre magasin de vente direct et espace-cave est ouvert au 13 Rte de Strasbourg, 67770 Sessenheim Commandez vos paniers au 03\u202f88\u202f86\u202f97\u202f01 L\u2019espace cave&nbsp;Sautter&nbsp;\u00e0 Sessenheim\u202f: bien plus qu\u2019une boutique&nbsp;&nbsp; Au si\u00e8ge m\u00eame de&nbsp;Sautter,&nbsp;\u00e0 Sessenheim, la Cave&nbsp;Sautter&nbsp;se d\u00e9voile.&nbsp;\u00c9crin&nbsp;gourmand et gourmet pour&nbsp;les jus de fruits&nbsp;de la marque, les cidres, des eaux, des vins&nbsp;s\u00e9lectionn\u00e9s&nbsp;pour leur rapport [&hellip;]","og_url":"https:\/\/dev.sautter-pomor.fr\/sautter-pomor\/nous-trouver-3\/","og_site_name":"Sautter-Pomor","article_publisher":"https:\/\/www.facebook.com\/profile.php?id=100061598934867","article_modified_time":"2026-04-09T13:21:34+00:00","og_image":[{"width":371,"height":499,"url":"https:\/\/dev.sautter-pomor.fr\/sautter-pomor\/wp-content\/uploads\/2026\/03\/cidre.webp","type":"image\/webp"}],"twitter_card":"summary_large_image","twitter_misc":{"Dur\u00e9e de lecture estim\u00e9e":"4 minutes"},"schema":{"@context":"https:\/\/schema.org","@graph":[{"@type":"WebPage","@id":"https:\/\/dev.sautter-pomor.fr\/sautter-pomor\/nous-trouver-3\/","url":"https:\/\/dev.sautter-pomor.fr\/sautter-pomor\/nous-trouver-3\/","name":"Cave et boutique de produits locaux \u00e0 Sessenheim - Sautter Pomor - Sautter-Pomor","isPartOf":{"@id":"https:\/\/dev.sautter-pomor.fr\/sautter-pomor\/#website"},"primaryImageOfPage":{"@id":"https:\/\/dev.sautter-pomor.fr\/sautter-pomor\/nous-trouver-3\/#primaryimage"},"image":{"@id":"https:\/\/dev.sautter-pomor.fr\/sautter-pomor\/nous-trouver-3\/#primaryimage"},"thumbnailUrl":"https:\/\/dev.sautter-pomor.fr\/sautter-pomor\/wp-content\/uploads\/2026\/03\/cidre.webp","datePublished":"2026-03-02T08:12:18+00:00","dateModified":"2026-04-09T13:21:34+00:00","breadcrumb":{"@id":"https:\/\/dev.sautter-pomor.fr\/sautter-pomor\/nous-trouver-3\/#breadcrumb"},"inLanguage":"fr-FR","potentialAction":[{"@type":"ReadAction","target":["https:\/\/dev.sautter-pomor.fr\/sautter-pomor\/nous-trouver-3\/"]}]},{"@type":"ImageObject","inLanguage":"fr-FR","@id":"https:\/\/dev.sautter-pomor.fr\/sautter-pomor\/nous-trouver-3\/#primaryimage","url":"https:\/\/dev.sautter-pomor.fr\/sautter-pomor\/wp-content\/uploads\/2026\/03\/cidre.webp","contentUrl":"https:\/\/dev.sautter-pomor.fr\/sautter-pomor\/wp-content\/uploads\/2026\/03\/cidre.webp","width":371,"height":499},{"@type":"BreadcrumbList","@id":"https:\/\/dev.sautter-pomor.fr\/sautter-pomor\/nous-trouver-3\/#breadcrumb","itemListElement":[{"@type":"ListItem","position":1,"name":"Accueil","item":"https:\/\/dev.sautter-pomor.fr\/sautter-pomor\/"},{"@type":"ListItem","position":2,"name":"Cave et boutique de produits locaux \u00e0 Sessenheim &#8211; Sautter Pomor"}]},{"@type":"WebSite","@id":"https:\/\/dev.sautter-pomor.fr\/sautter-pomor\/#website","url":"https:\/\/dev.sautter-pomor.fr\/sautter-pomor\/","name":"Sautter-Pomor","description":"Jus de fruits, jus de l\u00e9gumes et cidres en Alsace depuis plus de 125 ans","publisher":{"@id":"https:\/\/dev.sautter-pomor.fr\/sautter-pomor\/#organization"},"potentialAction":[{"@type":"SearchAction","target":{"@type":"EntryPoint","urlTemplate":"https:\/\/dev.sautter-pomor.fr\/sautter-pomor\/?s={search_term_string}"},"query-input":{"@type":"PropertyValueSpecification","valueRequired":true,"valueName":"search_term_string"}}],"inLanguage":"fr-FR"},{"@type":"Organization","@id":"https:\/\/dev.sautter-pomor.fr\/sautter-pomor\/#organization","name":"Sautter Pomor","url":"https:\/\/dev.sautter-pomor.fr\/sautter-pomor\/","logo":{"@type":"ImageObject","inLanguage":"fr-FR","@id":"https:\/\/dev.sautter-pomor.fr\/sautter-pomor\/#\/schema\/logo\/image\/","url":"https:\/\/dev.sautter-pomor.fr\/sautter-pomor\/wp-content\/uploads\/2026\/02\/cropped-logo_site_hd.png","contentUrl":"https:\/\/dev.sautter-pomor.fr\/sautter-pomor\/wp-content\/uploads\/2026\/02\/cropped-logo_site_hd.png","width":240,"height":127,"caption":"Sautter Pomor"},"image":{"@id":"https:\/\/dev.sautter-pomor.fr\/sautter-pomor\/#\/schema\/logo\/image\/"},"sameAs":["https:\/\/www.facebook.com\/profile.php?id=100061598934867"]}]}},"_links":{"self":[{"href":"https:\/\/dev.sautter-pomor.fr\/sautter-pomor\/wp-json\/wp\/v2\/pages\/337","targetHints":{"allow":["GET"]}}],"collection":[{"href":"https:\/\/dev.sautter-pomor.fr\/sautter-pomor\/wp-json\/wp\/v2\/pages"}],"about":[{"href":"https:\/\/dev.sautter-pomor.fr\/sautter-pomor\/wp-json\/wp\/v2\/types\/page"}],"author":[{"embeddable":true,"href":"https:\/\/dev.sautter-pomor.fr\/sautter-pomor\/wp-json\/wp\/v2\/users\/1"}],"replies":[{"embeddable":true,"href":"https:\/\/dev.sautter-pomor.fr\/sautter-pomor\/wp-json\/wp\/v2\/comments?post=337"}],"version-history":[{"count":27,"href":"https:\/\/dev.sautter-pomor.fr\/sautter-pomor\/wp-json\/wp\/v2\/pages\/337\/revisions"}],"predecessor-version":[{"id":826,"href":"https:\/\/dev.sautter-pomor.fr\/sautter-pomor\/wp-json\/wp\/v2\/pages\/337\/revisions\/826"}],"wp:attachment":[{"href":"https:\/\/dev.sautter-pomor.fr\/sautter-pomor\/wp-json\/wp\/v2\/media?parent=337"}],"curies":[{"name":"wp","href":"https:\/\/api.w.org\/{rel}","templated":true}]}}