{"id":394,"date":"2026-03-02T12:02:32","date_gmt":"2026-03-02T11:02:32","guid":{"rendered":"https:\/\/dev.sautter-pomor.fr\/sautter-pomor\/?page_id=394"},"modified":"2026-04-15T10:48:42","modified_gmt":"2026-04-15T08:48:42","slug":"pour-les-pros","status":"publish","type":"page","link":"https:\/\/dev.sautter-pomor.fr\/sautter-pomor\/pour-les-pros\/","title":{"rendered":"Pour les pros"},"content":{"rendered":"\n<div class=\"wp-block-columns is-layout-flex wp-container-core-columns-is-layout-9d6595d7 wp-block-columns-is-layout-flex\">\n<div class=\"wp-block-column is-layout-flow wp-block-column-is-layout-flow\"><\/div>\n<\/div>\n\n\n\n<div class=\"wp-block-columns container-pro is-layout-flex wp-container-core-columns-is-layout-9d6595d7 wp-block-columns-is-layout-flex\">\n<div class=\"wp-block-column small-width is-layout-flow wp-block-column-is-layout-flow\">\n<div class=\"wp-block-columns bloc-mea pro is-layout-flex wp-container-core-columns-is-layout-9d6595d7 wp-block-columns-is-layout-flex\">\n<div class=\"wp-block-column is-vertically-aligned-center is-layout-flow wp-block-column-is-layout-flow\">\n<h2 class=\"wp-block-heading\"><strong>Sautter\u202f: l\u2019excellence alsacienne au service des professionnels CHR et GMS<\/strong><\/h2>\n\n\n\n<p>Depuis&nbsp;1888, la cidrerie familiale&nbsp;Sautter, implant\u00e9e au c\u0153ur de l\u2019Alsace, transforme avec passion les fruits et l\u00e9gumes en une gamme compl\u00e8te de jus de fruits, jus de pomme et cidres premium,&nbsp;jus d\u2019exception sp\u00e9cialit\u00e9s (So\u2019Th\u00e9, Apfel,&nbsp;con\u00e7us pour r\u00e9pondre aux exigences des circuits CHR (Caf\u00e9s, H\u00f4tels, Restaurants) et GMS (Grande et Moyenne Surfaces).&nbsp;<\/p>\n<\/div>\n\n\n\n<div class=\"wp-block-column is-layout-flow wp-block-column-is-layout-flow\">\n<figure class=\"wp-block-image size-full\"><img loading=\"lazy\" decoding=\"async\" width=\"405\" height=\"405\" src=\"https:\/\/dev.sautter-pomor.fr\/sautter-pomor\/wp-content\/uploads\/2026\/02\/un-homme-souriant-avec-les-bras-croises-devant-1.png\" alt=\"\" class=\"wp-image-283\" srcset=\"https:\/\/dev.sautter-pomor.fr\/sautter-pomor\/wp-content\/uploads\/2026\/02\/un-homme-souriant-avec-les-bras-croises-devant-1.png 405w, https:\/\/dev.sautter-pomor.fr\/sautter-pomor\/wp-content\/uploads\/2026\/02\/un-homme-souriant-avec-les-bras-croises-devant-1-300x300.png 300w, https:\/\/dev.sautter-pomor.fr\/sautter-pomor\/wp-content\/uploads\/2026\/02\/un-homme-souriant-avec-les-bras-croises-devant-1-150x150.png 150w\" sizes=\"auto, (max-width: 405px) 100vw, 405px\" \/><\/figure>\n<\/div>\n<\/div>\n<\/div>\n<\/div>\n\n\n\n<hr class=\"wp-block-separator has-alpha-channel-opacity\"\/>\n\n\n\n<p class=\"has-text-align-center\"><strong>D\u00e9couvrez nos services sp\u00e9cialis\u00e9s pour les professionnels<\/strong><\/p>\n\n\n\n<div class=\"wp-block-buttons small-width bloc-bt-pro is-content-justification-center is-layout-flex wp-container-core-buttons-is-layout-16018d1d wp-block-buttons-is-layout-flex\">\n<div class=\"wp-block-button\" data-aos=\"flip-up\"><a class=\"wp-block-button__link wp-element-button\">Nos services CHR<\/a><\/div>\n\n\n\n<div class=\"wp-block-button\" data-aos=\"flip-up\" data-aos-delay=\"250\"><a class=\"wp-block-button__link wp-element-button\">Nos services GMS<\/a><\/div>\n\n\n\n<div class=\"wp-block-button\" data-aos=\"flip-up\" data-aos-delay=\"500\"><a class=\"wp-block-button__link wp-element-button\">Etiquettes personnalis\u00e9es<\/a><\/div>\n<\/div>\n\n\n\n<hr class=\"wp-block-separator has-alpha-channel-opacity\"\/>\n\n\n\n<div class=\"wp-block-columns small-width is-layout-flex wp-container-core-columns-is-layout-9d6595d7 wp-block-columns-is-layout-flex\">\n<div class=\"wp-block-column is-layout-flow wp-block-column-is-layout-flow\">\n<h2 class=\"wp-block-heading has-text-align-center\"><strong>Une offre vari\u00e9e, 40\u202fr\u00e9f\u00e9rences, adapt\u00e9e \u00e0 chaque canal de distribution<\/strong>&nbsp;<\/h2>\n\n\n\n<div class=\"wp-block-columns is-layout-flex wp-container-core-columns-is-layout-9d6595d7 wp-block-columns-is-layout-flex\">\n<div class=\"wp-block-column is-layout-flow wp-block-column-is-layout-flow\">\n<p>Sautter&nbsp;propose une palette de plus de 40\u202fr\u00e9f\u00e9rences, d\u00e9clin\u00e9es en formats strat\u00e9giques\u202f: bouteilles en verre consign\u00e9es de 25\u202fcl et 75\u202fcl pour la restauration haut de gamme, 1\u202fl&nbsp;pour les \u00e9piceries fines et la GMS, ainsi que des solutions BIB (Bag-in-Box) de 3\u202fl&nbsp;et 5\u202fl&nbsp;pour les bars et les collectivit\u00e9s.&nbsp;&nbsp;<\/p>\n<\/div>\n\n\n\n<div class=\"wp-block-column is-layout-flow wp-block-column-is-layout-flow\">\n<p>Les jus 100\u202f% pur fruit&nbsp;\u2014&nbsp;pomme, poire, raisin,&nbsp;multifruits,&nbsp;et d\u2019autres&nbsp;\u2014&nbsp;sont disponibles en conventionnel et en bio certifi\u00e9 Ecocert, tandis que les cidres (doux, demi-sec, brut) s\u00e9duisent par leur authenticit\u00e9 et leur effervescence naturelle.&nbsp;Des cr\u00e9ations originales des gammes d\u00e9di\u00e9es (jus m\u00e9lang\u00e9s, Apfel,&nbsp;So\u2019Th\u00e9,&nbsp;Apfelschorle) viennent compl\u00e9ter la palette de produits.&nbsp;<\/p>\n<\/div>\n<\/div>\n<\/div>\n<\/div>\n\n\n\n<div style=\"height:100px\" aria-hidden=\"true\" class=\"wp-block-spacer\"><\/div>\n\n\n\n<div class=\"wp-block-columns bloc-categorie-home is-layout-flex wp-container-core-columns-is-layout-9d6595d7 wp-block-columns-is-layout-flex\">\n<div class=\"wp-block-column grid-7 is-layout-flow wp-block-column-is-layout-flow\">\n<div class=\"wp-block-columns is-layout-flex wp-container-core-columns-is-layout-9d6595d7 wp-block-columns-is-layout-flex\">\n<div class=\"wp-block-column is-layout-flow wp-block-column-is-layout-flow\">\n<figure class=\"wp-block-image size-full\"><img loading=\"lazy\" decoding=\"async\" width=\"250\" height=\"648\" src=\"https:\/\/dev.sautter-pomor.fr\/sautter-pomor\/wp-content\/uploads\/2026\/01\/01_Pur_jus_pomme_1L-1.webp\" alt=\"Pur jus de pomme Sautter Alsace\" class=\"wp-image-108\" srcset=\"https:\/\/dev.sautter-pomor.fr\/sautter-pomor\/wp-content\/uploads\/2026\/01\/01_Pur_jus_pomme_1L-1.webp 250w, https:\/\/dev.sautter-pomor.fr\/sautter-pomor\/wp-content\/uploads\/2026\/01\/01_Pur_jus_pomme_1L-1-116x300.webp 116w\" sizes=\"auto, (max-width: 250px) 100vw, 250px\" \/><\/figure>\n\n\n\n<h2 class=\"wp-block-heading\"><a href=\"https:\/\/dev.sautter-pomor.fr\/sautter-pomor\/\" data-type=\"page\" data-id=\"83\">Les purs jus<\/a><\/h2>\n<\/div>\n<\/div>\n\n\n\n<div class=\"wp-block-columns is-layout-flex wp-container-core-columns-is-layout-9d6595d7 wp-block-columns-is-layout-flex\">\n<div class=\"wp-block-column is-layout-flow wp-block-column-is-layout-flow\">\n<figure class=\"wp-block-image size-full\"><img loading=\"lazy\" decoding=\"async\" width=\"250\" height=\"648\" src=\"https:\/\/dev.sautter-pomor.fr\/sautter-pomor\/wp-content\/uploads\/2026\/01\/02_Pur_jus_pomme_bio-1.png\" alt=\"Pur jus de pomme BIO Sautter\" class=\"wp-image-110\" srcset=\"https:\/\/dev.sautter-pomor.fr\/sautter-pomor\/wp-content\/uploads\/2026\/01\/02_Pur_jus_pomme_bio-1.png 250w, https:\/\/dev.sautter-pomor.fr\/sautter-pomor\/wp-content\/uploads\/2026\/01\/02_Pur_jus_pomme_bio-1-116x300.png 116w\" sizes=\"auto, (max-width: 250px) 100vw, 250px\" \/><\/figure>\n\n\n\n<h2 class=\"wp-block-heading\"><a href=\"https:\/\/dev.sautter-pomor.fr\/sautter-pomor\/\" data-type=\"page\" data-id=\"83\">Les jus BIO<\/a><\/h2>\n<\/div>\n<\/div>\n\n\n\n<div class=\"wp-block-columns is-layout-flex wp-container-core-columns-is-layout-9d6595d7 wp-block-columns-is-layout-flex\">\n<div class=\"wp-block-column is-layout-flow wp-block-column-is-layout-flow\">\n<figure class=\"wp-block-image size-full\"><img loading=\"lazy\" decoding=\"async\" width=\"250\" height=\"648\" src=\"https:\/\/dev.sautter-pomor.fr\/sautter-pomor\/wp-content\/uploads\/2026\/01\/02_Pur_jus_pomme_bio-1-1.png\" alt=\"\" class=\"wp-image-113\" srcset=\"https:\/\/dev.sautter-pomor.fr\/sautter-pomor\/wp-content\/uploads\/2026\/01\/02_Pur_jus_pomme_bio-1-1.png 250w, https:\/\/dev.sautter-pomor.fr\/sautter-pomor\/wp-content\/uploads\/2026\/01\/02_Pur_jus_pomme_bio-1-1-116x300.png 116w\" sizes=\"auto, (max-width: 250px) 100vw, 250px\" \/><\/figure>\n\n\n\n<h2 class=\"wp-block-heading\"><a href=\"https:\/\/dev.sautter-pomor.fr\/sautter-pomor\/mentions-legales\/\" data-type=\"page\" data-id=\"20\">Les cidres<\/a><\/h2>\n<\/div>\n<\/div>\n\n\n\n<div class=\"wp-block-columns is-layout-flex wp-container-core-columns-is-layout-9d6595d7 wp-block-columns-is-layout-flex\">\n<div class=\"wp-block-column is-layout-flow wp-block-column-is-layout-flow\">\n<figure class=\"wp-block-image size-full\"><img loading=\"lazy\" decoding=\"async\" width=\"250\" height=\"648\" src=\"https:\/\/dev.sautter-pomor.fr\/sautter-pomor\/wp-content\/uploads\/2026\/01\/nectar.png\" alt=\"\" class=\"wp-image-115\" srcset=\"https:\/\/dev.sautter-pomor.fr\/sautter-pomor\/wp-content\/uploads\/2026\/01\/nectar.png 250w, https:\/\/dev.sautter-pomor.fr\/sautter-pomor\/wp-content\/uploads\/2026\/01\/nectar-116x300.png 116w\" sizes=\"auto, (max-width: 250px) 100vw, 250px\" \/><\/figure>\n\n\n\n<h2 class=\"wp-block-heading\"><a href=\"https:\/\/dev.sautter-pomor.fr\/sautter-pomor\/mentions-legales\/\" data-type=\"page\" data-id=\"20\">Les nectars<\/a><\/h2>\n<\/div>\n<\/div>\n\n\n\n<div class=\"wp-block-columns is-layout-flex wp-container-core-columns-is-layout-9d6595d7 wp-block-columns-is-layout-flex\">\n<div class=\"wp-block-column is-layout-flow wp-block-column-is-layout-flow\">\n<figure class=\"wp-block-image size-full\"><img loading=\"lazy\" decoding=\"async\" width=\"250\" height=\"648\" src=\"https:\/\/dev.sautter-pomor.fr\/sautter-pomor\/wp-content\/uploads\/2025\/11\/Boisson_orange.webp\" alt=\"Boisson Sautter orange\" class=\"wp-image-16\" srcset=\"https:\/\/dev.sautter-pomor.fr\/sautter-pomor\/wp-content\/uploads\/2025\/11\/Boisson_orange.webp 250w, https:\/\/dev.sautter-pomor.fr\/sautter-pomor\/wp-content\/uploads\/2025\/11\/Boisson_orange-116x300.webp 116w\" sizes=\"auto, (max-width: 250px) 100vw, 250px\" \/><\/figure>\n\n\n\n<h2 class=\"wp-block-heading\"><a href=\"https:\/\/dev.sautter-pomor.fr\/sautter-pomor\/\" data-type=\"page\" data-id=\"83\">Les boissons<\/a><\/h2>\n<\/div>\n<\/div>\n\n\n\n<div class=\"wp-block-columns is-layout-flex wp-container-core-columns-is-layout-9d6595d7 wp-block-columns-is-layout-flex\">\n<div class=\"wp-block-column is-layout-flow wp-block-column-is-layout-flow\">\n<figure class=\"wp-block-image size-full\"><img loading=\"lazy\" decoding=\"async\" width=\"250\" height=\"648\" src=\"https:\/\/dev.sautter-pomor.fr\/sautter-pomor\/wp-content\/uploads\/2026\/01\/jus-dexception.webp\" alt=\"jus d'exception sautter pomor\" class=\"wp-image-120\" srcset=\"https:\/\/dev.sautter-pomor.fr\/sautter-pomor\/wp-content\/uploads\/2026\/01\/jus-dexception.webp 250w, https:\/\/dev.sautter-pomor.fr\/sautter-pomor\/wp-content\/uploads\/2026\/01\/jus-dexception-116x300.webp 116w\" sizes=\"auto, (max-width: 250px) 100vw, 250px\" \/><\/figure>\n\n\n\n<h2 class=\"wp-block-heading\"><a href=\"https:\/\/dev.sautter-pomor.fr\/sautter-pomor\/\" data-type=\"page\" data-id=\"83\">Les jus d&rsquo;exceptions<\/a><\/h2>\n<\/div>\n<\/div>\n\n\n\n<div class=\"wp-block-columns is-layout-flex wp-container-core-columns-is-layout-9d6595d7 wp-block-columns-is-layout-flex\">\n<div class=\"wp-block-column is-layout-flow wp-block-column-is-layout-flow\">\n<figure class=\"wp-block-image size-full is-resized\"><img loading=\"lazy\" decoding=\"async\" width=\"224\" height=\"582\" src=\"https:\/\/dev.sautter-pomor.fr\/sautter-pomor\/wp-content\/uploads\/2025\/11\/04_Boisson_the-citron.webp\" alt=\"So th\u00e9 citron Sautter Pomor\" class=\"wp-image-38\" style=\"width:250px;height:auto\" srcset=\"https:\/\/dev.sautter-pomor.fr\/sautter-pomor\/wp-content\/uploads\/2025\/11\/04_Boisson_the-citron.webp 224w, https:\/\/dev.sautter-pomor.fr\/sautter-pomor\/wp-content\/uploads\/2025\/11\/04_Boisson_the-citron-115x300.webp 115w\" sizes=\"auto, (max-width: 224px) 100vw, 224px\" \/><\/figure>\n\n\n\n<h2 class=\"wp-block-heading\"><a href=\"https:\/\/dev.sautter-pomor.fr\/sautter-pomor\/\" data-type=\"page\" data-id=\"83\">Les So&rsquo;Th\u00e9<\/a><\/h2>\n<\/div>\n<\/div>\n<\/div>\n<\/div>\n\n\n\n<div class=\"wp-block-buttons bt-central is-content-justification-center is-layout-flex wp-container-core-buttons-is-layout-16018d1d wp-block-buttons-is-layout-flex\">\n<div class=\"wp-block-button\"><a class=\"wp-block-button__link wp-element-button\">D\u00e9couvrir tous nos produits<\/a><\/div>\n<\/div>\n\n\n\n<hr class=\"wp-block-separator has-alpha-channel-opacity\"\/>\n\n\n\n<div class=\"wp-block-columns bloc-3-col is-layout-flex wp-container-core-columns-is-layout-9d6595d7 wp-block-columns-is-layout-flex\">\n<div class=\"wp-block-column is-layout-flow wp-block-column-is-layout-flow\">\n<p><strong>Qualit\u00e9 premium, tra\u00e7abilit\u00e9 totale<\/strong>&nbsp;<\/p>\n\n\n\n<p>Press\u00e9s \u00e0 froid, sans sucre ajout\u00e9 ni conservateur, les jus&nbsp;Sautter&nbsp;pr\u00e9servent les ar\u00f4mes, les vitamines et la fra\u00eecheur originelle. La ligne bio, issue exclusivement de vergers&nbsp;locaux, garantit une tra\u00e7abilit\u00e9 irr\u00e9prochable et un Nutri-Score&nbsp;optimis\u00e9s.&nbsp;&nbsp;<\/p>\n\n\n\n<p>Les cidres, issus des pommiers locaux, \u00e9labor\u00e9s selon la m\u00e9thode traditionnelle, offrent une alternative locale et raffin\u00e9e&nbsp;issue&nbsp;de circuits courts.<\/p>\n<\/div>\n\n\n\n<div class=\"wp-block-column is-layout-flow wp-block-column-is-layout-flow\">\n<p><strong>Un partenariat gagnant pour les professionnels<\/strong>&nbsp;<\/p>\n\n\n\n<p>En CHR, les formats \u00e9l\u00e9gants&nbsp;et recycl\u00e9s&nbsp;en verre&nbsp;consign\u00e9s&nbsp;valorisent les cartes des boissons et renforcent l\u2019image&nbsp;positive des&nbsp;\u00ab\u2009circuits&nbsp;courts\u2009\u00bb.&nbsp;&nbsp;<\/p>\n\n\n\n<p>En GMS, les conditionnements pratiques et la certification bio r\u00e9pondent \u00e0 la demande croissante de produits sains, locaux et responsables.&nbsp;&nbsp;<\/p>\n\n\n\n<p>Chaque ann\u00e9e,&nbsp;3\u2009000\u202ftonnes de fruits alsaciens sont transform\u00e9es en 3,5\u202fmillions de bouteilles par une \u00e9quipe&nbsp;engag\u00e9e.&nbsp;<\/p>\n<\/div>\n\n\n\n<div class=\"wp-block-column is-layout-flow wp-block-column-is-layout-flow\">\n<p><strong>Engagement RSE concret<\/strong>&nbsp;<\/p>\n\n\n\n<p>Sautter&nbsp;s\u2019appuie sur un r\u00e9seau d\u2019apporteurs locaux&nbsp;et de partenaires \u00e0 l\u2019expertise reconnue, privil\u00e9gie le verre consign\u00e9 et limite son empreinte carbone. Cet engagement durable s\u00e9duit les consommateurs \u00e9coresponsables et renforce la l\u00e9gitimit\u00e9 des distributeurs.&nbsp;&nbsp;<\/p>\n<\/div>\n<\/div>\n\n\n\n<p>&nbsp;<\/p>\n\n\n\n<p><\/p>\n\n\n\n<p><\/p>\n","protected":false},"excerpt":{"rendered":"<p>Sautter\u202f: l\u2019excellence alsacienne au service des professionnels CHR et GMS Depuis&nbsp;1888, la cidrerie familiale&nbsp;Sautter, implant\u00e9e au c\u0153ur de l\u2019Alsace, transforme avec passion les fruits et l\u00e9gumes en une gamme compl\u00e8te de jus de fruits, jus de pomme et cidres premium,&nbsp;jus d\u2019exception sp\u00e9cialit\u00e9s (So\u2019Th\u00e9, Apfel,&nbsp;con\u00e7us pour r\u00e9pondre aux exigences des circuits CHR (Caf\u00e9s, H\u00f4tels, Restaurants) et [&hellip;]<\/p>\n","protected":false},"author":1,"featured_media":0,"parent":0,"menu_order":0,"comment_status":"closed","ping_status":"closed","template":"","meta":{"footnotes":""},"class_list":["post-394","page","type-page","status-publish","hentry"],"yoast_head":"<!-- This site is optimized with the Yoast SEO plugin v27.2 - https:\/\/yoast.com\/product\/yoast-seo-wordpress\/ -->\n<title>Pour les pros - Sautter-Pomor<\/title>\n<meta name=\"robots\" content=\"noindex, follow, max-snippet:-1, max-image-preview:large, max-video-preview:-1\" \/>\n<meta property=\"og:locale\" content=\"fr_FR\" \/>\n<meta property=\"og:type\" content=\"article\" \/>\n<meta property=\"og:title\" content=\"Pour les pros - Sautter-Pomor\" \/>\n<meta property=\"og:description\" content=\"Sautter\u202f: l\u2019excellence alsacienne au service des professionnels CHR et GMS Depuis&nbsp;1888, la cidrerie familiale&nbsp;Sautter, implant\u00e9e au c\u0153ur de l\u2019Alsace, transforme avec passion les fruits et l\u00e9gumes en une gamme compl\u00e8te de jus de fruits, jus de pomme et cidres premium,&nbsp;jus d\u2019exception sp\u00e9cialit\u00e9s (So\u2019Th\u00e9, Apfel,&nbsp;con\u00e7us pour r\u00e9pondre aux exigences des circuits CHR (Caf\u00e9s, H\u00f4tels, Restaurants) et [&hellip;]\" \/>\n<meta property=\"og:url\" content=\"https:\/\/dev.sautter-pomor.fr\/sautter-pomor\/pour-les-pros\/\" \/>\n<meta property=\"og:site_name\" content=\"Sautter-Pomor\" \/>\n<meta property=\"article:publisher\" content=\"https:\/\/www.facebook.com\/profile.php?id=100061598934867\" \/>\n<meta property=\"article:modified_time\" content=\"2026-04-15T08:48:42+00:00\" \/>\n<meta property=\"og:image\" content=\"https:\/\/dev.sautter-pomor.fr\/sautter-pomor\/wp-content\/uploads\/2026\/02\/un-homme-souriant-avec-les-bras-croises-devant-1.png\" \/>\n\t<meta property=\"og:image:width\" content=\"405\" \/>\n\t<meta property=\"og:image:height\" content=\"405\" \/>\n\t<meta property=\"og:image:type\" content=\"image\/png\" \/>\n<meta name=\"twitter:card\" content=\"summary_large_image\" \/>\n<meta name=\"twitter:label1\" content=\"Dur\u00e9e de lecture estim\u00e9e\" \/>\n\t<meta name=\"twitter:data1\" content=\"4 minutes\" \/>\n<script type=\"application\/ld+json\" class=\"yoast-schema-graph\">{\"@context\":\"https:\/\/schema.org\",\"@graph\":[{\"@type\":\"WebPage\",\"@id\":\"https:\/\/dev.sautter-pomor.fr\/sautter-pomor\/pour-les-pros\/\",\"url\":\"https:\/\/dev.sautter-pomor.fr\/sautter-pomor\/pour-les-pros\/\",\"name\":\"Pour les pros - Sautter-Pomor\",\"isPartOf\":{\"@id\":\"https:\/\/dev.sautter-pomor.fr\/sautter-pomor\/#website\"},\"primaryImageOfPage\":{\"@id\":\"https:\/\/dev.sautter-pomor.fr\/sautter-pomor\/pour-les-pros\/#primaryimage\"},\"image\":{\"@id\":\"https:\/\/dev.sautter-pomor.fr\/sautter-pomor\/pour-les-pros\/#primaryimage\"},\"thumbnailUrl\":\"https:\/\/dev.sautter-pomor.fr\/sautter-pomor\/wp-content\/uploads\/2026\/02\/un-homme-souriant-avec-les-bras-croises-devant-1.png\",\"datePublished\":\"2026-03-02T11:02:32+00:00\",\"dateModified\":\"2026-04-15T08:48:42+00:00\",\"breadcrumb\":{\"@id\":\"https:\/\/dev.sautter-pomor.fr\/sautter-pomor\/pour-les-pros\/#breadcrumb\"},\"inLanguage\":\"fr-FR\",\"potentialAction\":[{\"@type\":\"ReadAction\",\"target\":[\"https:\/\/dev.sautter-pomor.fr\/sautter-pomor\/pour-les-pros\/\"]}]},{\"@type\":\"ImageObject\",\"inLanguage\":\"fr-FR\",\"@id\":\"https:\/\/dev.sautter-pomor.fr\/sautter-pomor\/pour-les-pros\/#primaryimage\",\"url\":\"https:\/\/dev.sautter-pomor.fr\/sautter-pomor\/wp-content\/uploads\/2026\/02\/un-homme-souriant-avec-les-bras-croises-devant-1.png\",\"contentUrl\":\"https:\/\/dev.sautter-pomor.fr\/sautter-pomor\/wp-content\/uploads\/2026\/02\/un-homme-souriant-avec-les-bras-croises-devant-1.png\",\"width\":405,\"height\":405},{\"@type\":\"BreadcrumbList\",\"@id\":\"https:\/\/dev.sautter-pomor.fr\/sautter-pomor\/pour-les-pros\/#breadcrumb\",\"itemListElement\":[{\"@type\":\"ListItem\",\"position\":1,\"name\":\"Accueil\",\"item\":\"https:\/\/dev.sautter-pomor.fr\/sautter-pomor\/\"},{\"@type\":\"ListItem\",\"position\":2,\"name\":\"Pour les pros\"}]},{\"@type\":\"WebSite\",\"@id\":\"https:\/\/dev.sautter-pomor.fr\/sautter-pomor\/#website\",\"url\":\"https:\/\/dev.sautter-pomor.fr\/sautter-pomor\/\",\"name\":\"Sautter-Pomor\",\"description\":\"Jus de fruits, jus de l\u00e9gumes et cidres en Alsace depuis plus de 125 ans\",\"publisher\":{\"@id\":\"https:\/\/dev.sautter-pomor.fr\/sautter-pomor\/#organization\"},\"potentialAction\":[{\"@type\":\"SearchAction\",\"target\":{\"@type\":\"EntryPoint\",\"urlTemplate\":\"https:\/\/dev.sautter-pomor.fr\/sautter-pomor\/?s={search_term_string}\"},\"query-input\":{\"@type\":\"PropertyValueSpecification\",\"valueRequired\":true,\"valueName\":\"search_term_string\"}}],\"inLanguage\":\"fr-FR\"},{\"@type\":\"Organization\",\"@id\":\"https:\/\/dev.sautter-pomor.fr\/sautter-pomor\/#organization\",\"name\":\"Sautter Pomor\",\"url\":\"https:\/\/dev.sautter-pomor.fr\/sautter-pomor\/\",\"logo\":{\"@type\":\"ImageObject\",\"inLanguage\":\"fr-FR\",\"@id\":\"https:\/\/dev.sautter-pomor.fr\/sautter-pomor\/#\/schema\/logo\/image\/\",\"url\":\"https:\/\/dev.sautter-pomor.fr\/sautter-pomor\/wp-content\/uploads\/2026\/02\/cropped-logo_site_hd.png\",\"contentUrl\":\"https:\/\/dev.sautter-pomor.fr\/sautter-pomor\/wp-content\/uploads\/2026\/02\/cropped-logo_site_hd.png\",\"width\":240,\"height\":127,\"caption\":\"Sautter Pomor\"},\"image\":{\"@id\":\"https:\/\/dev.sautter-pomor.fr\/sautter-pomor\/#\/schema\/logo\/image\/\"},\"sameAs\":[\"https:\/\/www.facebook.com\/profile.php?id=100061598934867\"]}]}<\/script>\n<!-- \/ Yoast SEO plugin. -->","yoast_head_json":{"title":"Pour les pros - Sautter-Pomor","robots":{"index":"noindex","follow":"follow","max-snippet":"max-snippet:-1","max-image-preview":"max-image-preview:large","max-video-preview":"max-video-preview:-1"},"og_locale":"fr_FR","og_type":"article","og_title":"Pour les pros - Sautter-Pomor","og_description":"Sautter\u202f: l\u2019excellence alsacienne au service des professionnels CHR et GMS Depuis&nbsp;1888, la cidrerie familiale&nbsp;Sautter, implant\u00e9e au c\u0153ur de l\u2019Alsace, transforme avec passion les fruits et l\u00e9gumes en une gamme compl\u00e8te de jus de fruits, jus de pomme et cidres premium,&nbsp;jus d\u2019exception sp\u00e9cialit\u00e9s (So\u2019Th\u00e9, Apfel,&nbsp;con\u00e7us pour r\u00e9pondre aux exigences des circuits CHR (Caf\u00e9s, H\u00f4tels, Restaurants) et [&hellip;]","og_url":"https:\/\/dev.sautter-pomor.fr\/sautter-pomor\/pour-les-pros\/","og_site_name":"Sautter-Pomor","article_publisher":"https:\/\/www.facebook.com\/profile.php?id=100061598934867","article_modified_time":"2026-04-15T08:48:42+00:00","og_image":[{"width":405,"height":405,"url":"https:\/\/dev.sautter-pomor.fr\/sautter-pomor\/wp-content\/uploads\/2026\/02\/un-homme-souriant-avec-les-bras-croises-devant-1.png","type":"image\/png"}],"twitter_card":"summary_large_image","twitter_misc":{"Dur\u00e9e de lecture estim\u00e9e":"4 minutes"},"schema":{"@context":"https:\/\/schema.org","@graph":[{"@type":"WebPage","@id":"https:\/\/dev.sautter-pomor.fr\/sautter-pomor\/pour-les-pros\/","url":"https:\/\/dev.sautter-pomor.fr\/sautter-pomor\/pour-les-pros\/","name":"Pour les pros - Sautter-Pomor","isPartOf":{"@id":"https:\/\/dev.sautter-pomor.fr\/sautter-pomor\/#website"},"primaryImageOfPage":{"@id":"https:\/\/dev.sautter-pomor.fr\/sautter-pomor\/pour-les-pros\/#primaryimage"},"image":{"@id":"https:\/\/dev.sautter-pomor.fr\/sautter-pomor\/pour-les-pros\/#primaryimage"},"thumbnailUrl":"https:\/\/dev.sautter-pomor.fr\/sautter-pomor\/wp-content\/uploads\/2026\/02\/un-homme-souriant-avec-les-bras-croises-devant-1.png","datePublished":"2026-03-02T11:02:32+00:00","dateModified":"2026-04-15T08:48:42+00:00","breadcrumb":{"@id":"https:\/\/dev.sautter-pomor.fr\/sautter-pomor\/pour-les-pros\/#breadcrumb"},"inLanguage":"fr-FR","potentialAction":[{"@type":"ReadAction","target":["https:\/\/dev.sautter-pomor.fr\/sautter-pomor\/pour-les-pros\/"]}]},{"@type":"ImageObject","inLanguage":"fr-FR","@id":"https:\/\/dev.sautter-pomor.fr\/sautter-pomor\/pour-les-pros\/#primaryimage","url":"https:\/\/dev.sautter-pomor.fr\/sautter-pomor\/wp-content\/uploads\/2026\/02\/un-homme-souriant-avec-les-bras-croises-devant-1.png","contentUrl":"https:\/\/dev.sautter-pomor.fr\/sautter-pomor\/wp-content\/uploads\/2026\/02\/un-homme-souriant-avec-les-bras-croises-devant-1.png","width":405,"height":405},{"@type":"BreadcrumbList","@id":"https:\/\/dev.sautter-pomor.fr\/sautter-pomor\/pour-les-pros\/#breadcrumb","itemListElement":[{"@type":"ListItem","position":1,"name":"Accueil","item":"https:\/\/dev.sautter-pomor.fr\/sautter-pomor\/"},{"@type":"ListItem","position":2,"name":"Pour les pros"}]},{"@type":"WebSite","@id":"https:\/\/dev.sautter-pomor.fr\/sautter-pomor\/#website","url":"https:\/\/dev.sautter-pomor.fr\/sautter-pomor\/","name":"Sautter-Pomor","description":"Jus de fruits, jus de l\u00e9gumes et cidres en Alsace depuis plus de 125 ans","publisher":{"@id":"https:\/\/dev.sautter-pomor.fr\/sautter-pomor\/#organization"},"potentialAction":[{"@type":"SearchAction","target":{"@type":"EntryPoint","urlTemplate":"https:\/\/dev.sautter-pomor.fr\/sautter-pomor\/?s={search_term_string}"},"query-input":{"@type":"PropertyValueSpecification","valueRequired":true,"valueName":"search_term_string"}}],"inLanguage":"fr-FR"},{"@type":"Organization","@id":"https:\/\/dev.sautter-pomor.fr\/sautter-pomor\/#organization","name":"Sautter Pomor","url":"https:\/\/dev.sautter-pomor.fr\/sautter-pomor\/","logo":{"@type":"ImageObject","inLanguage":"fr-FR","@id":"https:\/\/dev.sautter-pomor.fr\/sautter-pomor\/#\/schema\/logo\/image\/","url":"https:\/\/dev.sautter-pomor.fr\/sautter-pomor\/wp-content\/uploads\/2026\/02\/cropped-logo_site_hd.png","contentUrl":"https:\/\/dev.sautter-pomor.fr\/sautter-pomor\/wp-content\/uploads\/2026\/02\/cropped-logo_site_hd.png","width":240,"height":127,"caption":"Sautter Pomor"},"image":{"@id":"https:\/\/dev.sautter-pomor.fr\/sautter-pomor\/#\/schema\/logo\/image\/"},"sameAs":["https:\/\/www.facebook.com\/profile.php?id=100061598934867"]}]}},"_links":{"self":[{"href":"https:\/\/dev.sautter-pomor.fr\/sautter-pomor\/wp-json\/wp\/v2\/pages\/394","targetHints":{"allow":["GET"]}}],"collection":[{"href":"https:\/\/dev.sautter-pomor.fr\/sautter-pomor\/wp-json\/wp\/v2\/pages"}],"about":[{"href":"https:\/\/dev.sautter-pomor.fr\/sautter-pomor\/wp-json\/wp\/v2\/types\/page"}],"author":[{"embeddable":true,"href":"https:\/\/dev.sautter-pomor.fr\/sautter-pomor\/wp-json\/wp\/v2\/users\/1"}],"replies":[{"embeddable":true,"href":"https:\/\/dev.sautter-pomor.fr\/sautter-pomor\/wp-json\/wp\/v2\/comments?post=394"}],"version-history":[{"count":31,"href":"https:\/\/dev.sautter-pomor.fr\/sautter-pomor\/wp-json\/wp\/v2\/pages\/394\/revisions"}],"predecessor-version":[{"id":968,"href":"https:\/\/dev.sautter-pomor.fr\/sautter-pomor\/wp-json\/wp\/v2\/pages\/394\/revisions\/968"}],"wp:attachment":[{"href":"https:\/\/dev.sautter-pomor.fr\/sautter-pomor\/wp-json\/wp\/v2\/media?parent=394"}],"curies":[{"name":"wp","href":"https:\/\/api.w.org\/{rel}","templated":true}]}}